the greatest common divisor of 39 and a?
3
Suppose 4*n - 4 = 5*m - 7*m, 0 = n + m - 2. Let c(o) = 16*o + 16. Let y be c(n). Let w = 113 + -81. Calculate the greatest common divisor of y and w.
16
Let t(p) = 2*p**3 + 45*p**2 + 7*p - 69. Let k be t(-22). What is the highest common divisor of k and 18?
9
Let v be (-60)/(-12) + -12 - 17/(-1). Calculate the highest common factor of v and 2390.
10
Let i = 18750 + -18706. What is the greatest common factor of i and 1342?
22
Suppose 0 = 2*z + 7 + 1. Let h(y) = y**3 + 5*y**2 + 4*y + 5. Let q be h(z). Suppose 13*c + 12*c - 1805 = 6*c. Calculate the highest common divisor of c and q.
5
Suppose -90*m + 17*m = -1460. What is the greatest common divisor of m and 104?
4
Suppose 2*f = -3*c + 630, 5*c + 284 = -3*f + 1228. Calculate the highest common divisor of 795 and f.
159
Let u be (-1 - (-7926)/(-30))/(38/(-95)). Calculate the greatest common divisor of u and 507.
39
Suppose -o = 164*t - 168*t + 478, -2*t + 232 = -4*o. What is the highest common divisor of 1590 and t?
30
Let d(p) be the third derivative of 0 + 1/12*p**4 + 0*p - 1/2*p**3 - 10*p**2. Let u be d(15). What is the highest common divisor of 18 and u?
9
Let q(i) = -7*i - 24. Let n be q(-6). Suppose -n*y = -20*y + 8. Let a be ((-63)/3 + 6/y)*-6. What is the highest common divisor of 13 and a?
13
Let s be (100/(-12))/(6/5454*-3). What is the highest common factor of 150 and s?
25
Suppose -3102 = 298*m - 6322 - 8402. Let j(p) = 10*p**2 + 2*p + 7. Let a be j(-5). What is the highest common factor of m and a?
13
Let y = 819 + -749. Suppose -5*b - m = -174, -5*b = 6*m - 4*m - 173. What is the highest common factor of b and y?
35
Let c(f) = f**3 + f**2 - 11*f - 13. Let t be c(6). Let r = t - 158. What is the greatest common divisor of r and 375?
15
Let n(u) = 537*u + 217. Let q be n(1). Calculate the highest common divisor of q and 1566.
58
Let p(j) be the third derivative of -j**6/120 - j**5/5 + 5*j**3/6 - 12*j**2 - 2*j. Let w be p(-12). Calculate the highest common factor of w and 40.
5
Let b(o) = 8*o**3 - o + 0*o - 5*o**3 - 2*o**3 + 7*o**2. Let p be b(-3). Suppose 16*h = -2*h + 1638. What is the highest common factor of h and p?
13
Suppose 131 + 109 = 5*y. Let v be (y/(-14))/2*364/(-78). What is the highest common factor of v and 64?
8
Suppose 0 = 2*q + 4*p - 6, -p = 4*q + 4*p - 9. Let s be (3 + 0 + -2)*(q + 10). Suppose -4*g + 30 + 102 = 0. What is the greatest common factor of g and s?
11
Let o(m) = -662*m + 50. Let l be o(-1). Calculate the greatest common factor of 89 and l.
89
Let a be 7/(-2)*(-32448)/2184. Let l(o) = o**3 + 13*o**2 - 10. Let u be l(-13). Let r be -5*(62/u - -1). What is the highest common factor of a and r?
26
Let l = 330 + -333. Let g(f) = -169*f + 22. Let h be g(l). What is the highest common divisor of 23 and h?
23
Suppose -4*q + 5*t = -552, 246 = 2*q + 2*t + 3*t. Let w(u) = -1 + 2*u + 10 + 10 - 3*u. Let a be w(0). What is the highest common divisor of q and a?
19
Let o be 27*-2*(-10)/12. Suppose -2*u - 4*c = -36, 19*u + 2*c + 42 = 21*u. Calculate the highest common divisor of o and u.
5
Let k(g) = 5*g**2 - 17*g - 44. Let l(a) = -a**2 - 18*a - 83. Let m be l(-8). Let z be k(m). What is the greatest common factor of z and 8?
4
Suppose -s = z - 17 - 17, 20 = -4*z. Suppose 4*o = s + 25. Let h(n) = n**2 - 44*n + 560. Let v be h(16). What is the highest common factor of o and v?
16
Suppose 185*y - 222842 = 537878. What is the highest common factor of 16 and y?
16
Let c = 19 - 24. Let z(k) = -k - 5. Let x be z(c). Suppose -4*j + t + 76 = x, j + 22 = 2*j - t. Calculate the greatest common divisor of 72 and j.
18
Let t be -2 + 3 - (-3393)/9. What is the highest common factor of 2241 and t?
27
Suppose -3*b = -2*o - 1448 - 1596, -4*o = -2*b + 2040. Suppose 0*p + 11*p - b = 0. Calculate the highest common factor of 207 and p.
23
Let x(a) = 32*a + 586. Let m be x(-13). What is the greatest common factor of 95 and m?
5
Let d(y) = -y**2 - 36*y + 215. Let q be d(-41). Let p be ((-2)/5)/((-2)/10). What is the greatest common factor of q and p?
2
Let a(d) = 2*d**2 - d - 8. Let n be a(-3). Suppose n*f = -f + 28. Suppose j + 4*s = 37, 5*j = -s - f + 168. Calculate the greatest common factor of j and 33.
33
Let k = 80 - 76. Suppose 9*p - 10*p = -k. Suppose 4*q = n + 814, q - p*q + 3*n = -615. Calculate the highest common divisor of 29 and q.
29
Let k = 3269 + -2702. Calculate the highest common factor of k and 1053.
81
Let b(j) = -j**2 + 15*j - 44. Suppose -5*a + 24 = -26. Let w be b(a). What is the greatest common divisor of 48 and w?
6
Let k(i) = i**3 - 25*i**2 + 86*i + 12. Let f be k(24). What is the greatest common divisor of f and 80?
20
Let k(j) = 2*j + 45. Let o be k(-20). Suppose -4*s = -o*q + q - 12, 0 = -3*q + 9. Suppose -4*x + s*x = 112. Calculate the greatest common divisor of x and 7.
7
Suppose n + 0*d - 2*d = 80, d - 422 = -5*n. Suppose 6*h = 2*h - 3*m + n, 2*m - 84 = -4*h. Let x = 27 - h. What is the highest common divisor of x and 48?
6
Let t be 2 - (291/(-6) + (-4)/(-8)). Let r = 86 - t. Let f = 56 - r. What is the greatest common factor of 180 and f?
20
Suppose -98*z + 84 = -91*z. Suppose 12*h + 133 = 4597. Calculate the greatest common divisor of h and z.
12
Suppose 9*f - 566 = -147 + 823. Let z be 694/6 + 8/(-12). Calculate the greatest common divisor of z and f.
23
Let a be (-8)/(-10)*4/(24/15). Suppose -2*m + 54 = -3*i, 25*m - 173 = 20*m - a*i. Calculate the highest common divisor of m and 88.
11
Suppose -91*x - 4584 = -196*x - 86*x. Calculate the greatest common divisor of 4552 and x.
8
Let p(l) = 3*l**2 - 19*l + 1. Let z be p(4). Let x be 1686/54 + 6/z. Calculate the greatest common divisor of 124 and x.
31
Let y be ((-294)/(-9))/(9/3 + (-662)/222). Calculate the highest common divisor of y and 98.
49
Let y(m) = 20*m - 276. Let o be y(14). Suppose 83 = -o*q + 175. What is the highest common divisor of q and 46?
23
Let y be (-126)/15 - ((-115)/(-25) - 5). Let v(s) = -3*s + 12. Let t be v(6). Let z be 1/(y/12)*200/t. Calculate the highest common factor of 75 and z.
25
Let q = 8080 + -8071. What is the highest common divisor of q and 1122?
3
Let p be 733 - ((-1 - 12/(-8)) + (-7)/(-14)). Calculate the greatest common factor of 24 and p.
12
Suppose 4*f - 724 = 2*a + 2*a, -3*f = 2*a - 563. Suppose 4*k - f = 599. Calculate the highest common divisor of k and 4.
4
Suppose 13*o - 43*o = 0. Suppose 7*z + 193 - 1054 = o. What is the highest common factor of z and 205?
41
Suppose 142*s - 137*s - 70 = 0. Suppose -j - 46 = -i, 0 = -4*i - 5*j + 206 + s. What is the highest common factor of i and 8?
2
Suppose 0 = -2*p - a + 266, 42*p - 41*p - 3*a - 133 = 0. Calculate the greatest common factor of 57 and p.
19
Suppose -q = 5*z + 4 + 3, 2*z = -q - 4. Let d be (3 + q)*(7 - 0). Suppose 0 = d*l - 10*l + 126. What is the highest common divisor of l and 28?
14
Let x(t) = 9*t + 69. Let o be x(-7). Let s be 3*(-8)/o - (-20 - 0). Let v = 4 - -44. What is the greatest common divisor of s and v?
16
Let d = -76 + 166. Suppose 3*b - 4*r = 655, 4*b - 2*b - r - 445 = 0. Calculate the highest common factor of b and d.
45
Let a(l) = 8*l**2 + 4. Let m be a(3). Suppose -1624 = -22*x - 34*x. Suppose 2*n - 38 = -2*p, -2*p + x = -n - 9. What is the highest common factor of m and p?
19
Let r be 8/(-52) + (-1 - 2348/(-52)). What is the highest common factor of r and 28?
4
Suppose -25 + 53 = 7*c. Suppose 105 = 4*j - 7*v + c*v, -5*v - 63 = -2*j. Let g = -39 + 63. What is the highest common divisor of g and j?
24
Suppose -26*m - 242 = -866. Let x be (270/40)/((2/m)/1). Calculate the highest common divisor of 648 and x.
81
Suppose -2*z - 2*q = -62, 0 = -8*z + 5*z + 2*q + 103. Suppose 0 = 3*j - 2*u - z, -5*u + 35 + 9 = 4*j. What is the greatest common factor of j and 33?
11
Suppose 4*l = 8 + 8. Suppose -l*f + 164 = -48. Let o = f + -50. What is the highest common divisor of o and 9?
3
Let x(s) = -3*s**3 - 9*s**2 - 6*s - 4. Let z be x(-3). Suppose 0 = 2*b - 2*h + 6 - 20, -5*b = 2*h - z. What is the highest common factor of 16 and b?
4
Let t = -4194 + 4239. Calculate the highest common divisor of 549 and t.
9
Let q = -382 + 379. Let d be (1 - (q - -1084))*25/(-50). What is the greatest common divisor of d and 120?
60
Let m be (-7)/((-1)/(-4 - -6 - -5)). Suppose -m